d 80?
16
Suppose -27 = -2*j + 1. What is the highest common divisor of j and 35?
7
Let g = 123 - 103. What is the greatest common factor of g and 8?
4
Suppose 0 = -4*c - n + 28, -3*c + 12 = -2*c - n. What is the greatest common factor of c and 2?
2
Let b(q) = 118*q**2 + 1. Let u be b(-1). Calculate the highest common divisor of u and 17.
17
Let j = 281 - 116. Calculate the highest common divisor of j and 15.
15
Let j be 2 + 0/(-2 + 0). Let w(b) = 4*b**2 + b. Let s be w(1). Let n = s + -1. What is the greatest common factor of j and n?
2
Let z = 9 + -5. Suppose -z*w - w = -5. Let s(q) = -q**3 + 5*q**2 - 3*q + 4. Let g be s(4). What is the greatest common divisor of g and w?
1
Suppose -8*u + 3*u + 150 = 0. Suppose -n = 2*n - u. Calculate the greatest common divisor of 25 and n.
5
Suppose 0*b - 80 = 5*b. Let r = -12 - b. What is the highest common divisor of r and 28?
4
Suppose 5*w + 36 = 2*t, -2*t = t + 2*w - 54. Calculate the highest common factor of t and 90.
18
Let u(p) be the second derivative of -p**5/20 - p**4/3 + 5*p**3/6 + p**2/2 - 5*p. Let n be u(-5). What is the greatest common divisor of n and 5?
1
Let m be (-1615)/(-45) + (-2)/(-18). Calculate the highest common divisor of 4 and m.
4
Suppose 3*l = l. Suppose l = 3*z - 17 - 10. Calculate the highest common divisor of 18 and z.
9
Let n(m) = -m + 1. Let t(y) = 2*y + 7. Let l be t(-7). Let j be n(l). What is the highest common divisor of 32 and j?
8
Suppose 4*q - q = 12. Suppose 0 = -q*p - p. Suppose p*w - w + 18 = 0. Calculate the greatest common factor of 45 and w.
9
Let n = -31 + 51. What is the greatest common factor of 30 and n?
10
Let u be 786/12 - 1/2. Suppose 0 = -5*v - 0*v + u. Suppose 0 = z - 5*q + 8 - 36, 0 = -4*z + 2*q + 58. What is the highest common factor of v and z?
13
Let i = 3 + -2. Let k(q) = q**3 - 5*q**2 + 3*q - 4. Let y = 1 + 4. Let l be k(y). What is the highest common factor of i and l?
1
Suppose 0 = 5*t - 2*o - 59, 0 = -4*t + 5*t - 3*o - 17. Calculate the highest common divisor of t and 33.
11
Suppose 4*b = 2*w - 32, 10*w = 8*w - 2*b + 50. Suppose 0 = 3*z - 9 + 3. What is the greatest common divisor of z and w?
2
Suppose 0 = -0*b - 3*b + 18. Let q = 10 - 6. Calculate the greatest common factor of q and b.
2
Let y = 48 + -46. What is the highest common divisor of y and 3?
1
Let i(p) = -p**2 - 5*p + 4. Let l be i(-5). Calculate the greatest common factor of 10 and l.
2
Let d(j) = 144*j**3 - j**2 + 2*j - 1. Let b be d(1). Suppose -x + 28 = -4*g, 4*g - 36 = -3*x - 0*g. Calculate the highest common divisor of x and b.
16
Suppose 0 = -4*w + 15 + 9. Calculate the highest common factor of 1 and w.
1
Let r be (-24)/((-3)/((-12)/(-2))). What is the greatest common factor of r and 3?
3
Suppose 0*u - 50 = -3*u + t, 68 = 4*u - 2*t. Let s = 20 + 5. Let i = s - u. What is the greatest common factor of 3 and i?
3
Let d(f) = -f**2 + 4*f + 11. Let l be d(5). Calculate the highest common divisor of l and 42.
6
Let b = -11 + 16. Suppose -4 + 34 = 3*v. Let q be 398/v - (-3)/15. Calculate the greatest common factor of q and b.
5
Let l(r) = r - 3. Let v be l(19). Suppose -4*i + 384 - 64 = 0. Calculate the highest common factor of i and v.
16
Let h = 1 + 5. Let l be (1 - 2)*(-66)/h. Calculate the highest common divisor of 121 and l.
11
Let y be (-180)/(-42)*-14*(-1)/3. Suppose -2*t + 122 = -i - 35, 3*i - 329 = -4*t. What is the highest common divisor of t and y?
20
Suppose t - 5*m + 16 = 0, 4*t - m + 4*m - 51 = 0. What is the greatest common divisor of t and 3?
3
Let o(v) = -v + 10. Let n be o(-30). What is the greatest common factor of 30 and n?
10
Suppose -190 = -10*z + 1250. Calculate the highest common divisor of z and 32.
16
Let g(a) = 62*a**2. Let c be g(1). Let w = -35 + c. Let m = 15 + 3. What is the greatest common factor of w and m?
9
Let i = 74 - 6. What is the greatest common divisor of i and 17?
17
Suppose 1 - 3 = -2*r. Let h(u) = -r + 6*u**2 - u**2 + 8*u - u**3 - 1. Let p be h(6). Calculate the greatest common factor of 80 and p.
10
Suppose 2*n - 63 = n. Suppose -h = 5*g + 122, g - 6*g = 5*h + 510. Let y be h/(-11) - (-12)/66. What is the greatest common divisor of y and n?
9
Let g = -23 - -32. Let w(j) = j**3 - 8*j**2 - 9*j + 10. Let r be w(g). What is the greatest common divisor of r and 10?
10
Suppose -4*t - 4*i + 28 = 0, 0*t - t = 3*i - 17. Let o be 2 - (3 - 2 - t). Suppose -o*h - 245 = -8*h. Calculate the highest common factor of 7 and h.
7
Let b(k) = 2*k. Let h(o) = o + 1. Let l(z) = -3*b(z) + 4*h(z). Let n be l(6). Let u be -12*3/n*2. Calculate the highest common factor of 18 and u.
9
Let n(y) = 3*y**2 + y - 1. Let w be n(1). Suppose 0 = 3*l + 2*j - 30, 5*l - w*j = 6*l - 17. Calculate the greatest common factor of 8 and l.
8
Suppose 4*t = -2*w + 102, -w + 112 = w - t. Let n be w + (2 - (-1)/(-1)). Let u = 2 + 5. What is the greatest common divisor of u and n?
7
Let s be (-6)/4*(-14)/3. Suppose 4*m = 2*l + 22, -5*l - 18 = s. Calculate the greatest common divisor of 1 and m.
1
Suppose -5*a = -0*a - 90. What is the highest common divisor of 9 and a?
9
Let n(i) = -5*i + 4. Let u be n(-5). Let x = -45 + u. Let p = -10 - x. Calculate the greatest common divisor of 9 and p.
3
Let p be ((-210)/(-9))/5*3. What is the greatest common divisor of 7 and p?
7
Suppose g + 3 = 2*g. Let s be (0 + 1)/(g/15). Suppose s*c - 45 - 55 = 0. What is the highest common factor of 220 and c?
20
Let t = 315 - 219. Calculate the greatest common factor of t and 12.
12
Let y = -4 + -2. Let r be ((-62)/(-3))/(y/(-9)). Calculate the greatest common factor of 62 and r.
31
Let t = -280 + 415. What is the highest common factor of t and 27?
27
Suppose -4*v + 8*v - 16 = 0. Let x(s) = s**2 + 2*s - 2. Let w be x(v). Suppose -11 = -0*i - i. Calculate the highest common factor of i and w.
11
Suppose -4*p - f = -145, p + 3*f = -9 + 48. Let u(y) = -y**3 - 5*y**2 - 4*y + 4. Let m be u(-5). Calculate the highest common divisor of p and m.
12
Let a be 3 + (87/5 - (-8)/(-20)). What is the greatest common factor of a and 50?
10
Let n(p) be the second derivative of p**3/6 - p. Let u be n(3). Suppose -4*x = -5*i + 57, -2*x + u = -i + 2*i. Calculate the highest common divisor of i and 81.
9
Suppose 2*w - 6*w = -2*r - 114, 2*w + 2*r - 42 = 0. Suppose 0 = -3*p + 21 + 96. What is the greatest common divisor of w and p?
13
Suppose -5*m = -2*s - 5 - 9, m + 3*s = -4. Let a be (m/(-3))/((-4)/42). Suppose -q + 7 = -0*q. What is the greatest common divisor of a and q?
7
Let p be ((-1)/(-2) + -2)/((-30)/3080). Suppose 0 = 4*q - 4, -4*k + 46 = 4*q - 14. Calculate the greatest common factor of p and k.
14
Suppose -t - 3 = -2, 0 = -3*h + 2*t + 8. Suppose -2*s + 5*g = -38, 0*s - 5*s + h*g + 53 = 0. What is the highest common divisor of s and 63?
9
Suppose -r + 3*w - 33 = -2*w, 6 = -r - 4*w. Let h = 10 - r. What is the highest common divisor of h and 4?
4
Let o(c) = -20*c. Let b be o(-3). Let a(n) = -n**3 + 8*n**2 - 11*n + 9. Let m be a(6). Calculate the highest common divisor of b and m.
15
Suppose 0 = -2*q - 2*n + 64 + 16, -2*q - 4*n + 86 = 0. Calculate the highest common factor of 111 and q.
37
Suppose -2*m - 11 = -25. Calculate the greatest common factor of 49 and m.
7
Suppose -4*x + 330 = 2*x. Calculate the highest common divisor of x and 5.
5
Let v(o) = o**3 - 4*o**2 + 2. Let x be v(4). Suppose -z = -4*y + 4, 6*y = -2*z + x*y + 16. Let u = z - 3. What is the highest common factor of 7 and u?
1
Suppose 5*c = 2*c + 15. Suppose c*s = -p + 6, -p + 0 = -4*s + 3. What is the highest common divisor of 5 and s?
1
Suppose y + y = 4. Suppose 352 = 4*n - 2*l + 4*l, y*n - 196 = 4*l. What is the greatest common factor of n and 10?
10
Suppose 2*g = 14 - 4. Let h be (-8)/(-14) + 8/(-14). Suppose -5*c + h + g = 0. Calculate the greatest common factor of c and 8.
1
Suppose -4*w + 0*x = -3*x - 31, -33 = -2*w + 5*x. Let s(z) = z**2 + 6*z + 12. Let u be s(-8). What is the highest common factor of u and w?
4
Suppose 5*j - 2*j + 41 = 5*w, j = w - 17. Let l = 37 + j. What is the greatest common factor of l and 10?
5
Let p be ((-4)/2)/(18/(-27)). Suppose -10 - 2 = p*f. Let i be f/18*21*-3. Calculate the greatest common divisor of i and 112.
14
Suppose 109 + 143 = 4*a. Let s(f) = f**3 + 9*f**2 + 14*f + 7. Let k be s(-7). What is the greatest comm